{"id":2437,"date":"2020-09-10T14:52:45","date_gmt":"2020-09-10T20:52:45","guid":{"rendered":"https:\/\/www.cafefrancaisregina.com\/cafefrancais\/?post_type=product&#038;p=2437"},"modified":"2025-01-05T11:26:02","modified_gmt":"2025-01-05T17:26:02","slug":"creme-brulee-brioche","status":"publish","type":"product","link":"https:\/\/www.cafefrancaisregina.com\/cafefrancais\/product\/creme-brulee-brioche\/","title":{"rendered":"Cr\u00e8me Br\u00fbl\u00e9e Brioche"},"content":{"rendered":"<p>Brioche filled with vanilla Cr\u00e8me Br\u00fbl\u00e9e topped with crumble.<\/p>\n","protected":false},"excerpt":{"rendered":"<p>Brioche filled with vanilla Cr\u00e8me Br\u00fbl\u00e9e topped with crumble.<\/p>\n","protected":false},"featured_media":2438,"comment_status":"open","ping_status":"closed","template":"","meta":[],"product_brand":[],"product_cat":[30],"product_tag":[],"class_list":{"0":"post-2437","1":"product","2":"type-product","3":"status-publish","4":"has-post-thumbnail","6":"product_cat-viennoiserie","8":"first","9":"outofstock","10":"shipping-taxable","11":"purchasable","12":"product-type-simple"},"_links":{"self":[{"href":"https:\/\/www.cafefrancaisregina.com\/cafefrancais\/wp-json\/wp\/v2\/product\/2437","targetHints":{"allow":["GET"]}}],"collection":[{"href":"https:\/\/www.cafefrancaisregina.com\/cafefrancais\/wp-json\/wp\/v2\/product"}],"about":[{"href":"https:\/\/www.cafefrancaisregina.com\/cafefrancais\/wp-json\/wp\/v2\/types\/product"}],"replies":[{"embeddable":true,"href":"https:\/\/www.cafefrancaisregina.com\/cafefrancais\/wp-json\/wp\/v2\/comments?post=2437"}],"wp:featuredmedia":[{"embeddable":true,"href":"https:\/\/www.cafefrancaisregina.com\/cafefrancais\/wp-json\/wp\/v2\/media\/2438"}],"wp:attachment":[{"href":"https:\/\/www.cafefrancaisregina.com\/cafefrancais\/wp-json\/wp\/v2\/media?parent=2437"}],"wp:term":[{"taxonomy":"product_brand","embeddable":true,"href":"https:\/\/www.cafefrancaisregina.com\/cafefrancais\/wp-json\/wp\/v2\/product_brand?post=2437"},{"taxonomy":"product_cat","embeddable":true,"href":"https:\/\/www.cafefrancaisregina.com\/cafefrancais\/wp-json\/wp\/v2\/product_cat?post=2437"},{"taxonomy":"product_tag","embeddable":true,"href":"https:\/\/www.cafefrancaisregina.com\/cafefrancais\/wp-json\/wp\/v2\/product_tag?post=2437"}],"curies":[{"name":"wp","href":"https:\/\/api.w.org\/{rel}","templated":true}]}}

Crème Brûlée Brioche

<p>Brioche filled with vanilla Crème Brûlée topped with crumble.</p>
