{"id":2439,"date":"2020-09-10T15:00:01","date_gmt":"2020-09-10T21:00:01","guid":{"rendered":"https:\/\/www.cafefrancaisregina.com\/cafefrancais\/?post_type=product&#038;p=2439"},"modified":"2025-01-05T11:26:12","modified_gmt":"2025-01-05T17:26:12","slug":"chocolate-creme-brulee-brioche","status":"publish","type":"product","link":"https:\/\/www.cafefrancaisregina.com\/cafefrancais\/product\/chocolate-creme-brulee-brioche\/","title":{"rendered":"Chocolate Cr\u00e8me Br\u00fbl\u00e9e Brioche"},"content":{"rendered":"<p>Brioche filled with Chocolate Cr\u00e8me Br\u00fbl\u00e9e.<\/p>\n","protected":false},"excerpt":{"rendered":"<p>Brioche filled with Chocolate Cr\u00e8me Br\u00fbl\u00e9e.<\/p>\n","protected":false},"featured_media":2440,"comment_status":"open","ping_status":"closed","template":"","meta":[],"product_brand":[],"product_cat":[15,30],"product_tag":[],"class_list":{"0":"post-2439","1":"product","2":"type-product","3":"status-publish","4":"has-post-thumbnail","6":"product_cat-uncategorized","7":"product_cat-viennoiserie","9":"first","10":"outofstock","11":"shipping-taxable","12":"product-type-simple"},"_links":{"self":[{"href":"https:\/\/www.cafefrancaisregina.com\/cafefrancais\/wp-json\/wp\/v2\/product\/2439","targetHints":{"allow":["GET"]}}],"collection":[{"href":"https:\/\/www.cafefrancaisregina.com\/cafefrancais\/wp-json\/wp\/v2\/product"}],"about":[{"href":"https:\/\/www.cafefrancaisregina.com\/cafefrancais\/wp-json\/wp\/v2\/types\/product"}],"replies":[{"embeddable":true,"href":"https:\/\/www.cafefrancaisregina.com\/cafefrancais\/wp-json\/wp\/v2\/comments?post=2439"}],"wp:featuredmedia":[{"embeddable":true,"href":"https:\/\/www.cafefrancaisregina.com\/cafefrancais\/wp-json\/wp\/v2\/media\/2440"}],"wp:attachment":[{"href":"https:\/\/www.cafefrancaisregina.com\/cafefrancais\/wp-json\/wp\/v2\/media?parent=2439"}],"wp:term":[{"taxonomy":"product_brand","embeddable":true,"href":"https:\/\/www.cafefrancaisregina.com\/cafefrancais\/wp-json\/wp\/v2\/product_brand?post=2439"},{"taxonomy":"product_cat","embeddable":true,"href":"https:\/\/www.cafefrancaisregina.com\/cafefrancais\/wp-json\/wp\/v2\/product_cat?post=2439"},{"taxonomy":"product_tag","embeddable":true,"href":"https:\/\/www.cafefrancaisregina.com\/cafefrancais\/wp-json\/wp\/v2\/product_tag?post=2439"}],"curies":[{"name":"wp","href":"https:\/\/api.w.org\/{rel}","templated":true}]}}

Chocolate Crème Brûlée Brioche

<p>Brioche filled with Chocolate Crème Brûlée.</p>
