{"id":3170,"date":"2021-10-13T21:11:30","date_gmt":"2021-10-14T03:11:30","guid":{"rendered":"https:\/\/www.cafefrancaisregina.com\/cafefrancais\/?post_type=product&#038;p=3170"},"modified":"2024-10-26T21:21:04","modified_gmt":"2024-10-27T03:21:04","slug":"creme-brulee","status":"publish","type":"product","link":"https:\/\/www.cafefrancaisregina.com\/cafefrancais\/product\/creme-brulee\/","title":{"rendered":"Cr\u00e8me Br\u00fbl\u00e9e"},"content":{"rendered":"<p>It is made of custard topped with a thin, brittle crust of caramelized sugar.<\/p>\n","protected":false},"excerpt":{"rendered":"<p>It is made of custard topped with a thin, brittle crust of caramelized sugar.<\/p>\n","protected":false},"featured_media":3171,"comment_status":"open","ping_status":"closed","template":"","meta":[],"product_brand":[],"product_cat":[31,15],"product_tag":[],"class_list":{"0":"post-3170","1":"product","2":"type-product","3":"status-publish","4":"has-post-thumbnail","6":"product_cat-desserts","7":"product_cat-uncategorized","9":"first","10":"instock","11":"shipping-taxable","12":"product-type-simple"},"_links":{"self":[{"href":"https:\/\/www.cafefrancaisregina.com\/cafefrancais\/wp-json\/wp\/v2\/product\/3170","targetHints":{"allow":["GET"]}}],"collection":[{"href":"https:\/\/www.cafefrancaisregina.com\/cafefrancais\/wp-json\/wp\/v2\/product"}],"about":[{"href":"https:\/\/www.cafefrancaisregina.com\/cafefrancais\/wp-json\/wp\/v2\/types\/product"}],"replies":[{"embeddable":true,"href":"https:\/\/www.cafefrancaisregina.com\/cafefrancais\/wp-json\/wp\/v2\/comments?post=3170"}],"wp:featuredmedia":[{"embeddable":true,"href":"https:\/\/www.cafefrancaisregina.com\/cafefrancais\/wp-json\/wp\/v2\/media\/3171"}],"wp:attachment":[{"href":"https:\/\/www.cafefrancaisregina.com\/cafefrancais\/wp-json\/wp\/v2\/media?parent=3170"}],"wp:term":[{"taxonomy":"product_brand","embeddable":true,"href":"https:\/\/www.cafefrancaisregina.com\/cafefrancais\/wp-json\/wp\/v2\/product_brand?post=3170"},{"taxonomy":"product_cat","embeddable":true,"href":"https:\/\/www.cafefrancaisregina.com\/cafefrancais\/wp-json\/wp\/v2\/product_cat?post=3170"},{"taxonomy":"product_tag","embeddable":true,"href":"https:\/\/www.cafefrancaisregina.com\/cafefrancais\/wp-json\/wp\/v2\/product_tag?post=3170"}],"curies":[{"name":"wp","href":"https:\/\/api.w.org\/{rel}","templated":true}]}}

Crème Brûlée
